{"id":17,"date":"2021-11-13T17:27:06","date_gmt":"2021-11-13T17:27:06","guid":{"rendered":"http:\/\/rkbf.dk\/?page_id=17"},"modified":"2026-01-27T09:52:42","modified_gmt":"2026-01-27T09:52:42","slug":"bliv-medlem","status":"publish","type":"page","link":"https:\/\/rkbf.dk\/index.php\/bliv-medlem\/","title":{"rendered":"Bliv medlem"},"content":{"rendered":"<div  class='flex_column av-29rat-22a17c361bee06d48e1bbfd71e3b8cce av_one_full  avia-builder-el-0  el_before_av_one_full  avia-builder-el-first  first flex_column_div  '     ><p>\n<style type=\"text\/css\" data-created_by=\"avia_inline_auto\" id=\"style-css-av-kxk518tt-d16ac97b30daebf36de3c35711d508e3\">\n#top .av-special-heading.av-kxk518tt-d16ac97b30daebf36de3c35711d508e3{\npadding-bottom:10px;\n}\nbody .av-special-heading.av-kxk518tt-d16ac97b30daebf36de3c35711d508e3 .av-special-heading-tag .heading-char{\nfont-size:25px;\n}\n.av-special-heading.av-kxk518tt-d16ac97b30daebf36de3c35711d508e3 .av-subheading{\nfont-size:15px;\n}\n<\/style>\n<div  class='av-special-heading av-kxk518tt-d16ac97b30daebf36de3c35711d508e3 av-special-heading-h1 blockquote modern-quote modern-centered  avia-builder-el-1  el_before_av_hr  avia-builder-el-first '><h1 class='av-special-heading-tag '  itemprop=\"headline\"  >BLIV MEDLEM AF RUNDET\u00c5RN KVARTERS BEBOERFORENING<\/h1><div class=\"special-heading-border\"><div class=\"special-heading-inner-border\"><\/div><\/div><\/div><br \/>\n\n<style type=\"text\/css\" data-created_by=\"avia_inline_auto\" id=\"style-css-av-1oull-d9c930f3ff3e856b6045dc3877803450\">\n#top .hr.hr-invisible.av-1oull-d9c930f3ff3e856b6045dc3877803450{\nheight:25px;\n}\n<\/style>\n<div  class='hr av-1oull-d9c930f3ff3e856b6045dc3877803450 hr-invisible  avia-builder-el-2  el_after_av_heading  avia-builder-el-last '><span class='hr-inner '><span class=\"hr-inner-style\"><\/span><\/span><\/div><\/p><\/div>\n<div  class='flex_column av-ozjt-a17b90fbb61f43f7d5422e368f257f9c av_one_full  avia-builder-el-3  el_after_av_one_full  el_before_av_mailchimp  first flex_column_div  column-top-margin'     ><section  class='av_textblock_section av-kvy2s7ip-1148295ac1916174250c4be55e54f575 '   itemscope=\"itemscope\" itemtype=\"https:\/\/schema.org\/CreativeWork\" ><div class='avia_textblock'  itemprop=\"text\" ><p class=\"p3\" style=\"margin: 0cm; font-stretch: normal; -webkit-text-size-adjust: auto;\"><span class=\"s2\">Hvis du bor og har din adresse i Rundet\u00e5rn kvarter, kan du blive medlem af Beboerforeningen. Detaljer om eventuelt kontingent samt stemmeret fremg\u00e5r <a href=\"https:\/\/rkbf.dk\/index.php\/medlem-kontigent\/\" target=\"_blank\" rel=\"noopener\">her<\/a>.\u00a0<\/span><\/p>\n<p>Ejerforeninger, som <span class=\"s2\">har adresse i Rundet\u00e5rn kvarter, kan blive medlem af Beboerforeningen. Detaljer om eventuelt kontingent samt stemmeret fremg\u00e5r <a href=\"https:\/\/rkbf.dk\/index.php\/medlem-kontigent\/\" target=\"_blank\" rel=\"noopener\">her<\/a>.<\/span><\/p>\n<p>Erhvervsdrivende med aktiviteter i Rundet\u00e5rn kvarter har ligeledes mulighed for blive medlem af beboerforeninger. Det kr\u00e6ver dog en henvendelse til bestyrelsen, da det i henhold til beboerforeningens vedt\u00e6gter skal tillades af bestyrelsen. Erhvervsdrivende er dog medlemmer uden stemmeret p\u00e5 generalforsamlingen.<\/p>\n<p class=\"p2\" style=\"margin: 0cm; font-stretch: normal; min-height: 20.3px; -webkit-text-size-adjust: auto;\">Medlemmer af RKBF modtager nyhedsbreve og inviteres til beboerm\u00f8de, events og generalforsamling.<\/p>\n<p class=\"p2\" style=\"margin: 0cm; font-stretch: normal; min-height: 20.3px; -webkit-text-size-adjust: auto;\">\n<p class=\"p3\" style=\"margin: 0cm; font-stretch: normal; -webkit-text-size-adjust: auto;\">\n<\/div><\/section><\/div><form action=\"https:\/\/rkbf.dk\/index.php\/bliv-medlem\/\" method=\"post\"  data-av-custom-send='mailchimp_send'data-fields-with-error=\"Found errors in the following field(s):\" class=\"avia_ajax_form av-form-labels-visible   avia-builder-el-5  el_after_av_one_full  avia-builder-el-last   avia-mailchimp-form \" data-avia-form-id=\"1\" data-avia-redirect='https:\/\/rkbf.dk\/' ><fieldset><p class='  first_form  form_element form_fullwidth' id='element_avia_0_1'><label for=\"avia_0_1\">Email Adresse <abbr class=\"required\" title=\"required\">*<\/abbr><\/label> <input name=\"avia_0_1\" class=\"text_input is_email\" type=\"text\" id=\"avia_0_1\" value=\"\" \/><\/p><p class='  first_form  form_element form_fullwidth' id='element_avia_1_1'><label for=\"avia_1_1\">Fornavn <abbr class=\"required\" title=\"required\">*<\/abbr><\/label> <input name=\"avia_1_1\" class=\"text_input is_empty\" type=\"text\" id=\"avia_1_1\" value=\"\" \/><\/p><p class='  first_form  form_element form_fullwidth' id='element_avia_2_1'><label for=\"avia_2_1\">Efternavn <abbr class=\"required\" title=\"required\">*<\/abbr><\/label> <input name=\"avia_2_1\" class=\"text_input is_empty\" type=\"text\" id=\"avia_2_1\" value=\"\" \/><\/p><p class='  first_form  form_element form_fullwidth' id='element_avia_3_1'><label for=\"avia_3_1\">Adresse <abbr class=\"required\" title=\"required\">*<\/abbr><\/label> <input name=\"avia_3_1\" class=\"text_input is_empty\" type=\"text\" id=\"avia_3_1\" value=\"\" \/><\/p><p class='  first_form  form_element form_fullwidth' id='element_avia_4_1'><label for=\"avia_4_1\">Telefon (valgfrit)<\/label> <input name=\"avia_4_1\" class=\"text_input \" type=\"text\" id=\"avia_4_1\" value=\"\" \/><\/p><p class=\"form_element  first_form  form_element form_fullwidth av-last-visible-form-element modified_width\"><input type=\"hidden\" value=\"1\" name=\"avia_generated_form1\" \/><input type=\"submit\" value=\"Subscribe\" class=\"button\"  data-sending-label=\"Sending\"\/><\/p><p class=\"hidden\"><input type=\"text\" name=\"avia_avia_username_1\" class=\"hidden \" id=\"avia_avia_username_1\" value=\"\" \/><\/p><\/fieldset><\/form><div id=\"ajaxresponse_1\" class=\"ajaxresponse ajaxresponse_1 hidden\"><\/div><\/p>\n","protected":false},"excerpt":{"rendered":"","protected":false},"author":1,"featured_media":0,"parent":0,"menu_order":0,"comment_status":"closed","ping_status":"closed","template":"","meta":{"footnotes":""},"class_list":["post-17","page","type-page","status-publish","hentry"],"yoast_head":"<!-- This site is optimized with the Yoast SEO plugin v27.5 - https:\/\/yoast.com\/product\/yoast-seo-wordpress\/ -->\n<title>Bliv medlem - VELKOMMEN TIL RUNDET\u00c5RN KVARTERS BEBOERFORENING<\/title>\n<meta name=\"robots\" content=\"index, follow, max-snippet:-1, max-image-preview:large, max-video-preview:-1\" \/>\n<link rel=\"canonical\" href=\"https:\/\/rkbf.dk\/index.php\/bliv-medlem\/\" \/>\n<meta property=\"og:locale\" content=\"da_DK\" \/>\n<meta property=\"og:type\" content=\"article\" \/>\n<meta property=\"og:title\" content=\"Bliv medlem - VELKOMMEN TIL RUNDET\u00c5RN KVARTERS BEBOERFORENING\" \/>\n<meta property=\"og:url\" content=\"https:\/\/rkbf.dk\/index.php\/bliv-medlem\/\" \/>\n<meta property=\"og:site_name\" content=\"VELKOMMEN TIL RUNDET\u00c5RN KVARTERS BEBOERFORENING\" \/>\n<meta property=\"article:modified_time\" content=\"2026-01-27T09:52:42+00:00\" \/>\n<meta property=\"og:image\" content=\"https:\/\/rkbf.dk\/wp-content\/uploads\/2022\/01\/rundetaarn-200-200.jpg\" \/>\n\t<meta property=\"og:image:width\" content=\"200\" \/>\n\t<meta property=\"og:image:height\" content=\"200\" \/>\n\t<meta property=\"og:image:type\" content=\"image\/jpeg\" \/>\n<meta name=\"twitter:card\" content=\"summary_large_image\" \/>\n<meta name=\"twitter:label1\" content=\"Estimeret l\u00e6setid\" \/>\n\t<meta name=\"twitter:data1\" content=\"6 minutter\" \/>\n<script type=\"application\/ld+json\" class=\"yoast-schema-graph\">{\"@context\":\"https:\\\/\\\/schema.org\",\"@graph\":[{\"@type\":\"WebPage\",\"@id\":\"https:\\\/\\\/rkbf.dk\\\/index.php\\\/bliv-medlem\\\/\",\"url\":\"https:\\\/\\\/rkbf.dk\\\/index.php\\\/bliv-medlem\\\/\",\"name\":\"Bliv medlem - VELKOMMEN TIL RUNDET\u00c5RN KVARTERS BEBOERFORENING\",\"isPartOf\":{\"@id\":\"https:\\\/\\\/rkbf.dk\\\/#website\"},\"datePublished\":\"2021-11-13T17:27:06+00:00\",\"dateModified\":\"2026-01-27T09:52:42+00:00\",\"breadcrumb\":{\"@id\":\"https:\\\/\\\/rkbf.dk\\\/index.php\\\/bliv-medlem\\\/#breadcrumb\"},\"inLanguage\":\"da-DK\",\"potentialAction\":[{\"@type\":\"ReadAction\",\"target\":[\"https:\\\/\\\/rkbf.dk\\\/index.php\\\/bliv-medlem\\\/\"]}]},{\"@type\":\"BreadcrumbList\",\"@id\":\"https:\\\/\\\/rkbf.dk\\\/index.php\\\/bliv-medlem\\\/#breadcrumb\",\"itemListElement\":[{\"@type\":\"ListItem\",\"position\":1,\"name\":\"Hjem\",\"item\":\"https:\\\/\\\/rkbf.dk\\\/\"},{\"@type\":\"ListItem\",\"position\":2,\"name\":\"Bliv medlem\"}]},{\"@type\":\"WebSite\",\"@id\":\"https:\\\/\\\/rkbf.dk\\\/#website\",\"url\":\"https:\\\/\\\/rkbf.dk\\\/\",\"name\":\"VELKOMMEN TIL RUNDET\u00c5RN KVARTERS BEBOERFORENING\",\"description\":\"RKBF - RUNDET\u00c5RN KVARTERS BEBOERFORENINGS HJEMMESIDE\",\"publisher\":{\"@id\":\"https:\\\/\\\/rkbf.dk\\\/#organization\"},\"potentialAction\":[{\"@type\":\"SearchAction\",\"target\":{\"@type\":\"EntryPoint\",\"urlTemplate\":\"https:\\\/\\\/rkbf.dk\\\/?s={search_term_string}\"},\"query-input\":{\"@type\":\"PropertyValueSpecification\",\"valueRequired\":true,\"valueName\":\"search_term_string\"}}],\"inLanguage\":\"da-DK\"},{\"@type\":\"Organization\",\"@id\":\"https:\\\/\\\/rkbf.dk\\\/#organization\",\"name\":\"Rundet\u00e5rn Kvarters Beboerforening\",\"url\":\"https:\\\/\\\/rkbf.dk\\\/\",\"logo\":{\"@type\":\"ImageObject\",\"inLanguage\":\"da-DK\",\"@id\":\"https:\\\/\\\/rkbf.dk\\\/#\\\/schema\\\/logo\\\/image\\\/\",\"url\":\"https:\\\/\\\/rkbf.dk\\\/wp-content\\\/uploads\\\/2022\\\/01\\\/RKBF-logo.jpg\",\"contentUrl\":\"https:\\\/\\\/rkbf.dk\\\/wp-content\\\/uploads\\\/2022\\\/01\\\/RKBF-logo.jpg\",\"width\":286,\"height\":120,\"caption\":\"Rundet\u00e5rn Kvarters Beboerforening\"},\"image\":{\"@id\":\"https:\\\/\\\/rkbf.dk\\\/#\\\/schema\\\/logo\\\/image\\\/\"}}]}<\/script>\n<!-- \/ Yoast SEO plugin. -->","yoast_head_json":{"title":"Bliv medlem - VELKOMMEN TIL RUNDET\u00c5RN KVARTERS BEBOERFORENING","robots":{"index":"index","follow":"follow","max-snippet":"max-snippet:-1","max-image-preview":"max-image-preview:large","max-video-preview":"max-video-preview:-1"},"canonical":"https:\/\/rkbf.dk\/index.php\/bliv-medlem\/","og_locale":"da_DK","og_type":"article","og_title":"Bliv medlem - VELKOMMEN TIL RUNDET\u00c5RN KVARTERS BEBOERFORENING","og_url":"https:\/\/rkbf.dk\/index.php\/bliv-medlem\/","og_site_name":"VELKOMMEN TIL RUNDET\u00c5RN KVARTERS BEBOERFORENING","article_modified_time":"2026-01-27T09:52:42+00:00","og_image":[{"width":200,"height":200,"url":"https:\/\/rkbf.dk\/wp-content\/uploads\/2022\/01\/rundetaarn-200-200.jpg","type":"image\/jpeg"}],"twitter_card":"summary_large_image","twitter_misc":{"Estimeret l\u00e6setid":"6 minutter"},"schema":{"@context":"https:\/\/schema.org","@graph":[{"@type":"WebPage","@id":"https:\/\/rkbf.dk\/index.php\/bliv-medlem\/","url":"https:\/\/rkbf.dk\/index.php\/bliv-medlem\/","name":"Bliv medlem - VELKOMMEN TIL RUNDET\u00c5RN KVARTERS BEBOERFORENING","isPartOf":{"@id":"https:\/\/rkbf.dk\/#website"},"datePublished":"2021-11-13T17:27:06+00:00","dateModified":"2026-01-27T09:52:42+00:00","breadcrumb":{"@id":"https:\/\/rkbf.dk\/index.php\/bliv-medlem\/#breadcrumb"},"inLanguage":"da-DK","potentialAction":[{"@type":"ReadAction","target":["https:\/\/rkbf.dk\/index.php\/bliv-medlem\/"]}]},{"@type":"BreadcrumbList","@id":"https:\/\/rkbf.dk\/index.php\/bliv-medlem\/#breadcrumb","itemListElement":[{"@type":"ListItem","position":1,"name":"Hjem","item":"https:\/\/rkbf.dk\/"},{"@type":"ListItem","position":2,"name":"Bliv medlem"}]},{"@type":"WebSite","@id":"https:\/\/rkbf.dk\/#website","url":"https:\/\/rkbf.dk\/","name":"VELKOMMEN TIL RUNDET\u00c5RN KVARTERS BEBOERFORENING","description":"RKBF - RUNDET\u00c5RN KVARTERS BEBOERFORENINGS HJEMMESIDE","publisher":{"@id":"https:\/\/rkbf.dk\/#organization"},"potentialAction":[{"@type":"SearchAction","target":{"@type":"EntryPoint","urlTemplate":"https:\/\/rkbf.dk\/?s={search_term_string}"},"query-input":{"@type":"PropertyValueSpecification","valueRequired":true,"valueName":"search_term_string"}}],"inLanguage":"da-DK"},{"@type":"Organization","@id":"https:\/\/rkbf.dk\/#organization","name":"Rundet\u00e5rn Kvarters Beboerforening","url":"https:\/\/rkbf.dk\/","logo":{"@type":"ImageObject","inLanguage":"da-DK","@id":"https:\/\/rkbf.dk\/#\/schema\/logo\/image\/","url":"https:\/\/rkbf.dk\/wp-content\/uploads\/2022\/01\/RKBF-logo.jpg","contentUrl":"https:\/\/rkbf.dk\/wp-content\/uploads\/2022\/01\/RKBF-logo.jpg","width":286,"height":120,"caption":"Rundet\u00e5rn Kvarters Beboerforening"},"image":{"@id":"https:\/\/rkbf.dk\/#\/schema\/logo\/image\/"}}]}},"_links":{"self":[{"href":"https:\/\/rkbf.dk\/index.php\/wp-json\/wp\/v2\/pages\/17","targetHints":{"allow":["GET"]}}],"collection":[{"href":"https:\/\/rkbf.dk\/index.php\/wp-json\/wp\/v2\/pages"}],"about":[{"href":"https:\/\/rkbf.dk\/index.php\/wp-json\/wp\/v2\/types\/page"}],"author":[{"embeddable":true,"href":"https:\/\/rkbf.dk\/index.php\/wp-json\/wp\/v2\/users\/1"}],"replies":[{"embeddable":true,"href":"https:\/\/rkbf.dk\/index.php\/wp-json\/wp\/v2\/comments?post=17"}],"version-history":[{"count":7,"href":"https:\/\/rkbf.dk\/index.php\/wp-json\/wp\/v2\/pages\/17\/revisions"}],"predecessor-version":[{"id":401,"href":"https:\/\/rkbf.dk\/index.php\/wp-json\/wp\/v2\/pages\/17\/revisions\/401"}],"wp:attachment":[{"href":"https:\/\/rkbf.dk\/index.php\/wp-json\/wp\/v2\/media?parent=17"}],"curies":[{"name":"wp","href":"https:\/\/api.w.org\/{rel}","templated":true}]}}